(i)?
1
Suppose 0*h + 192 = 4*h. What is the tens digit of h?
4
Let b(c) = -c**2 - 10*c - 12. Let m be b(-8). Suppose 40 = 3*x + 5*j, 5*x - m*j = 7 - 2. What is the units digit of x?
5
Suppose 0 = 3*i - 149 + 32. What is the units digit of i?
9
Suppose 0 = 3*p - d + 21 + 2, 5*p = 5*d - 45. Let c = 2 + 7. Let w = c + p. What is the units digit of w?
2
Let o(b) be the first derivative of b**3/3 + b**2/2 - 4*b + 1. Let v be o(0). Let n(d) = d**3 + 4*d**2 - 2*d - 2. What is the units digit of n(v)?
6
Let u be (0 - -11)/(-4 - -3). Let o = u + 18. Let d = o + -5. What is the units digit of d?
2
Let b be 882/24 - (-1)/4. Let g = b + -14. What is the units digit of g?
3
Suppose 0 = -p - 0 + 2. Suppose 0 = -i - 4*u + 7, p*i - 26 = -0*u - 2*u. Suppose -2*y + i = 3. What is the units digit of y?
6
Let n(q) = 27*q**2 + 1. What is the tens digit of n(1)?
2
Let c be 25 + 1 - (-3 + 0). Suppose -70 = -3*t + c. What is the units digit of t?
3
Let h = -46 - -85. Suppose -f + h = 2*f. What is the units digit of f?
3
Let n(m) = m**2 - 3*m + 3. Suppose i - 2*i - b = -3, -2*b - 6 = -4*i. Suppose i*r - 1 = 3. What is the units digit of n(r)?
1
Let l(i) = -26*i**3 - 2*i**2 + 1. Suppose 3*q + 2 = -1. What is the units digit of l(q)?
5
What is the units digit of 3 - (2 + (-1 - 3))?
5
Let o(f) = f + 6. Let w be o(-4). Suppose -r - 3*k = -1, -4*k - w = -r + 6. Suppose r*d - 4*u = -8, 3*u = d + 12 - 0. What is the units digit of d?
3
Suppose -4*d + 606 = 5*x, 0 = -5*d + 34 - 14. What is the units digit of x?
8
Suppose 2*f = 4*f. Suppose 6*d - 126 = -f*d. What is the tens digit of d?
2
Let y(r) = 19*r - 3. What is the tens digit of y(5)?
9
Let c = -135 - -590. What is the units digit of c/52 + 2/8?
9
Suppose p + 112 = 2*c - 4*p, 2*c - 116 = 3*p. What is the units digit of c?
1
Let f(r) = -r**3 - 7*r**2 - r + 10. Let i be ((-6)/15)/(3/(-105)). Let b = i + -21. What is the units digit of f(b)?
7
Let d be 5*(3 + 4) + -3. Suppose 0 = -5*v + v + d. What is the units digit of v?
8
Suppose 0 = -2*r + 4*g + 428, 5*r + 7*g = 10*g + 1063. What is the tens digit of r?
1
Let a(r) = 3*r + 0 - 5 + 0. Let o be a(7). What is the units digit of (-40)/o*28/(-5)?
4
Let t(c) = -c**3 + 3*c**2 + 3*c + 4. Let z be t(4). Suppose 7*p - 3*p + 16 = z. Let y = p - -21. What is the units digit of y?
7
Let q be (-6)/4*10/(-3). Suppose -q = 4*z - 3*z. Let r(a) = -a - 2. What is the units digit of r(z)?
3
Suppose l = 0, l - 6 = 3*g + 2*l. Suppose -10 = h - f, -5*h + 3*f - 25 = -3*h. What is the units digit of (-28)/(-5) + g/h?
6
Let u(g) = 7. Let p(y) = y + 7. Suppose 4*t + 0 + 1 = -x, -2*x + 4*t + 10 = 0. Let d(k) = x*u(k) - 4*p(k). What is the units digit of d(-5)?
3
Let b(i) = -2*i**2 + 7*i - 7. Let j(n) = -n**2 + 3*n - 4. Let a(p) = 2*b(p) - 5*j(p). What is the units digit of a(0)?
6
Suppose -4*l = -0*l - 796. Suppose -l = -3*u - u + 3*b, 0 = u + 2*b - 58. Suppose -3*h + 7*h = u. What is the units digit of h?
3
Let c be 3/2*(-5 - 1). Suppose 0 = -5*f - j + 73, -1 = 3*j + 5. Let i = f + c. What is the units digit of i?
6
Suppose 2*n = 2*z - 3*z + 11, -31 = -5*n + z. Let u be (2/n)/(4/60). Suppose 5*i - 14 = 6*s - 3*s, -2*s + 24 = u*i. What is the units digit of i?
4
Let w(i) = 5*i + 9. What is the tens digit of w(3)?
2
Suppose 0 = -4*i - i + 85. Let r be 1*(-8 - -1)*-1. Suppose r = -a + i. What is the units digit of a?
0
Let b(l) be the third derivative of l**4/8 - 7*l**3/6 - 3*l**2. What is the tens digit of b(6)?
1
Suppose -236 = -4*h - s, 3*h = 5*s - 0*s + 200. What is the tens digit of h?
6
Suppose 0 = -0*h + h - 2*i - 15, -3*h + 5*i + 40 = 0. Suppose -4*z + 100 = d + 30, -24 = -2*z + h*d. What is the tens digit of z?
1
Let g be (-1 - 14/(-6))*3. Let k(b) = 3*b - 3. What is the units digit of k(g)?
9
Let l be (2/(-4))/((-3)/66). Let s = l - 7. Let d = s + 8. What is the tens digit of d?
1
Let t(j) = -j**2 + 4*j + 5. Let x be t(4). Suppose -3*q + 6 = g, -5*q - 5 - x = -5*g. What is the units digit of q?
1
Let k = 42 - 28. What is the tens digit of k?
1
Let r(x) = -x - 8. Let z be r(-6). What is the tens digit of (-184)/(-12) + z/(-3)?
1
Let c = -26 - -54. What is the tens digit of c?
2
What is the units digit of 3*((4 + -2)/(-2))/(-1)?
3
What is the tens digit of (-1)/(4/(-52))*1?
1
Let b(a) = a**3 - 2*a**2 + 2*a - 1. Let c = 13 - 4. Suppose 0 = l - 4*l + c. What is the tens digit of b(l)?
1
Suppose 0 = -w - l + 3 + 4, -2*w - 5*l = -29. Suppose 3*t - 2*t = n - 33, 2*n - 66 = -w*t. What is the tens digit of n?
3
Let c(k) = -19*k - 17. What is the units digit of c(-5)?
8
Let w be 2/(6/135) + 0. Suppose -2*c = 3*c - w. What is the units digit of c?
9
Suppose -5*x - 1 = y + 2, 6 = x - 2*y. Suppose -4*u - u + 15 = x. Suppose u*v - 27 = 3. What is the tens digit of v?
1
Let k = -16 - -17. What is the units digit of k?
1
Let w(h) = h**2 + 28. Let c be (-1)/(-2) - (-3)/(-6). What is the tens digit of w(c)?
2
Let l = 10 + 33. What is the tens digit of l?
4
Let n = -101 + 231. What is the units digit of n?
0
Let u(x) = 4*x**3 - 2*x**2 - 4. What is the units digit of u(3)?
6
Suppose 2*l = -3*l - 195. Let t = l + 66. What is the units digit of t?
7
Let r be (-2 + 32)*(1 + 0). Suppose h = -2*h + r. What is the units digit of h?
0
Let q(t) = -t**2 - 6*t - 3. Let n be q(-8). Let i = n + 72. Suppose 0 = 2*x - 10, -4*x = -3*f - 5*x + i. What is the tens digit of f?
1
What is the tens digit of ((-122)/(-8))/(3/12)?
6
Let u be 51/(-9) + 2/3. Let c(z) = z**3 + 5*z**2 - z + 2. What is the units digit of c(u)?
7
Let k(o) = 6*o + 2. Let w be k(6). Let c = 56 - w. What is the tens digit of c?
1
Suppose 3*c + a - 2*a = 12, -5*a = 5*c - 20. Suppose 3*y = 5*y - c. Suppose 4*t = 4*d - 10 + y, t = 0. What is the units digit of d?
2
Let i be 4 + (33/(-18) - 2/12). Suppose 3*s = 2*q + 10, -s - 16 = -5*s + 4*q. Suppose -v - i*b + 8 = s*b, -5*v + 25 = 5*b. What is the units digit of v?
4
Let a = 61 + -54. Suppose 4*y - 4 + 56 = 4*s, -4*s - 3*y = -31. Suppose h - s = a. What is the units digit of h?
7
Let n be 1/(0 - (-2)/(-6)). What is the units digit of 2 + -5 - -3 - n?
3
Suppose 0 = d + 3*d. Suppose j - 2*y = 5, 2*j + d*j + 3*y = 24. What is the units digit of j?
9
Suppose 40 = 6*k - k + 5*w, 0 = 5*k - w - 16. Suppose 0*u - 40 = -k*u. What is the units digit of (-1)/2 - (-65)/u?
6
Let s = -3 + 12. Let o be -2*(s/6 - 3). Let j(g) = g**2 - 2*g + 3. What is the units digit of j(o)?
6
Suppose -3*h + 2*h + 252 = 0. Suppose 0 = -4*g + h + 52. What is the units digit of g/12 - (-4)/6?
7
Let h(z) = z - 7. Let t be h(10). Suppose -2*s = -t*s. Suppose -2*p + 3*p - 1 = s. What is the units digit of p?
1
Let m = -75 + 215. What is the tens digit of m?
4
Suppose 0 = -b + 6*b + 10, 5*q + 3*b = 194. What is the tens digit of q?
4
Let c(f) = f**2 - f - 2. Suppose 2*z + 5 = o - 18, 5*z + 89 = 4*o. Suppose 2*m + o = -m - 4*s, 2*m + 2*s = -12. What is the units digit of c(m)?
0
Suppose s = -s - 2. Let q = s + 1. Suppose 5*f = -2*t + 4, -4*f + q*f - 7 = 5*t. What is the units digit of f?
2
Suppose 9*w - 510 = 4*w. What is the tens digit of w?
0
Let f = 80 - 52. Suppose -i + f = 3*k, -5*i + 3*k + 198 = -14. Suppose -5*m - 4*c = -c - 32, 5*m = 5*c + i. What is the units digit of m?
7
Suppose -k = -1, -4*f + 0*k + 2*k = -34. What is the units digit of f?
9
Suppose -2*h + 4*h = 0. Suppose 3*u = 2*d - 60, h = 5*d - 0*u + 4*u - 127. What is the tens digit of d?
2
Let z be 1/2 + 266/(-4). Let t = 93 + z. Suppose 0 = 4*h - 5*p - 13 - t, 4 = -p. What is the units digit of h?
5
Let c = -18 + 18. What is the units digit of -2*(c - 27/2)?
7
Let t = 4 - 11. Let i(l) = l**2 + l - 2. What is the units digit of i(t)?
0
Let i be (-4)/(-2) - 1 - 9. Let x = i + 14. What is the units digit of 1/((x/27)/2)?
9
Let d(p) be the first derivative of -p**2/2 + 4*p - 1. What is the tens digit of d(-7)?
1
Let p(m) = -m**2 + 8*m - 6. Let r be (-50)/(-15)*(-9)/(-5). What is the units digit of p(r)?
6
Suppose 3*i + 8 = 7*i. Suppose 0 = d - j - 10, 5*j = -i*d + 5*d - 22. What is the units digit of d?
4
Suppose 7*s + z + 13 = 3*s, -s - 3*z = 17. What is the units digit of s + (-1 + 21 - 3)?
5
What is the units digit of ((-60)/(-45))/((-4)/(-42))?
4
Suppose -3*d - 34 = 5. Let f = d + 18. Suppose f*z + 7 - 17 = 0. What is the units digit of z?
2
What is the units digit of 97 - 12